{"id":55,"date":"2015-05-25T11:41:08","date_gmt":"2015-05-25T10:41:08","guid":{"rendered":"http:\/\/kahmen.info\/?page_id=55"},"modified":"2015-05-25T22:21:18","modified_gmt":"2015-05-25T21:21:18","slug":"datenschutz","status":"publish","type":"page","link":"https:\/\/kahmen.info\/?page_id=55","title":{"rendered":"Datenschutz"},"content":{"rendered":"<h2 id=\"headline\">Datenschutz<\/h2>\n<div id=\"article\">\n<p><i>Gem\u00e4\u00df Telemediengesetz \u00a713:<\/i><\/p>\n<p><b>Datenschutz-Erkl\u00e4rung<\/b><br \/>\nWir nehmen den Schutz Ihrer pers\u00f6nlichen Daten sehr ernst. Der Schutz Ihrer personenbezogenen Daten bei der Erhebung, Verarbeitung und Nutzung anl\u00e4sslich Ihres Besuchs auf unserer Homepage ist uns ein wichtiges Anliegen.<br \/>\nIhre Daten werden im Rahmen der gesetzlichen Vorschriften gesch\u00fctzt.<br \/>\nNachfolgend finden Sie \u2013 gem\u00e4\u00df \u00a713 Telemediengesetz \u2013 Informationen, welche Daten w\u00e4hrend Ihres Besuchs auf der Homepage erfasst und wie diese genutzt werden:<\/p>\n<p><b>Datenverarbeitung <\/b><br \/>\nIn den unvermeidlichen Serverstatistiken werden automatisch solche Daten gespeichert, die Ihr Browser an uns \u00fcbermittelt. Dies sind:<br \/>\nBrowsertyp\/ -version<br \/>\nverwendetes Betriebssystem<br \/>\nReferrer URL (die zuvor besuchte Seite)<br \/>\nHostname des zugreifenden Rechners (IP Adresse)<br \/>\nUhrzeit der Serveranfrage.<\/p>\n<p>Diese Daten sind anonym \/ nicht personenbezogen und sind nicht bestimmten Personen zuordenbar. Eine Zusammenf\u00fchrung dieser Daten mit anderen Datenquellen wird nicht vorgenommen, die Daten werden zudem nach einer statistischen Auswertung gel\u00f6scht. Weitergehende personenbezogene Daten werden nur erfasst, wenn Sie diese Angaben freiwillig, etwa im Rahmen einer Anfrage oder Registrierung, machen.<\/p>\n<p><b>Nutzung und Weitergabe personenbezogener Daten <\/b><br \/>\nDie Nutzung des Kontaktformulars erfordert zwingend die Angabe Ihres Namens, Stra\u00dfe, E-Mail oder Telefon, PLZ und Ort und Ihre Nachricht . Die erhobenen Daten werden zur Abwicklung der Kommunikation mit Ihnen verwendet. Soweit Sie uns personenbezogene Daten zur Verf\u00fcgung gestellt haben, evtl. mittels Nutzung unseres Kontaktformulars, verwenden wir diese ausschlie\u00dflich und nur zur Beantwortung Ihrer Anfragen, zur Abwicklung mit Ihnen geschlossener Vertr\u00e4ge und f\u00fcr die technische Administration. Eine Weitergabe, Verkauf, Vermietung o.\u00e4. an unbeteiligte Dritte erfolgt in keinem Falle.<br \/>\nIhre personenbezogenen Daten werden an Dritte nur weitergegeben oder sonst \u00fcbermittelt, wenn dies zum Zwecke der Vertragsabwicklung \u2013 insbesondere Weitergabe von Bestelldaten an Lieferanten \u2013 erforderlich ist, dies zu Abrechnungszwecken erforderlich ist oder Sie zuvor eingewilligt haben. Sie haben das Recht, eine erteilte Einwilligung mit Wirkung f\u00fcr die Zukunft jederzeit zu widerrufen.<br \/>\nDie L\u00f6schung der gespeicherten personenbezogenen Daten erfolgt, wenn Sie Ihre Einwilligung zur Speicherung widerrufen, wenn ihre Kenntnis zur Erf\u00fcllung des mit der Speicherung verfolgten Zwecks nicht mehr erforderlich ist oder wenn ihre Speicherung aus sonstigen gesetzlichen Gr\u00fcnden unzul\u00e4ssig ist.<\/p>\n<p><b>Cookies<\/b><br \/>\nDie Internetseiten verwenden an mehreren Stellen so genannte Cookies. Sie dienen dazu, unser Angebot nutzerfreundlicher, effektiver und sicherer zu machen. Cookies sind kleine Textdateien, die auf Ihrem Rechner abgelegt werden und die Ihr Browser speichert. Die meisten der von uns verwendeten Cookies sind so genannte &#8222;Session-Cookies&#8220;. Sie werden nach Ende Ihres Besuchs automatisch gel\u00f6scht. Cookies richten auf Ihrem Rechner keinen Schaden an und enthalten keine Viren.<\/p>\n<p><b>Externe Links \/ Fremde Homepages <\/b><br \/>\nF\u00fcr externe Links zu fremden Inhalten k\u00f6nnen wir trotz sorgf\u00e4ltiger inhaltlicher Kontrolle keine Haftung \u00fcbernehmen. Wir haben keine Kontrolle und keine Kenntnis dar\u00fcber wie diese externen Links bzw. fremde Inhalte den Schutz ihrer Daten behandeln bzw. gew\u00e4hrleisten.<\/p>\n<p><b>Datenschutzerkl\u00e4rung f\u00fcr die Nutzung von Facebook-Plugins (Like-Button)<br \/>\n<\/b>Auf unseren Seiten sind Plugins des sozialen Netzwerks Facebook, 1601 South California Avenue, Palo Alto, CA 94304, USA integriert. Die Facebook-Plugins erkennen Sie an dem Facebook-Logo oder dem &#8222;Like-Button&#8220; (&#8222;Gef\u00e4llt mir&#8220;) auf unserer Seite. Eine \u00dcbersicht \u00fcber die Facebook-Plugins finden Sie hier: <a href=\"http:\/\/developers.facebook.com\/docs\/plugins\/\" target=\"_blank\">http:\/\/developers.facebook.com\/docs\/plugins\/<\/a>.<br \/>\nWenn Sie unsere Seiten besuchen, wird \u00fcber das Plugin eine direkte Verbindung zwischen Ihrem Browser und dem Facebook-Server hergestellt. Facebook erh\u00e4lt dadurch die Information, dass Sie mit Ihrer IP-Adresse unsere Seite besucht haben. Wenn Sie den Facebook &#8222;Like-Button&#8220; anklicken w\u00e4hrend Sie in Ihrem Facebook-Account eingeloggt sind, k\u00f6nnen Sie die Inhalte unserer Seiten auf Ihrem Facebook-Profil verlinken. Dadurch kann Facebook den Besuch unserer Seiten Ihrem Benutzerkonto zuordnen. Wir weisen darauf hin, dass wir als Anbieter der Seiten keine Kenntnis vom Inhalt der \u00fcbermittelten Daten sowie deren Nutzung durch Facebook erhalten. Weitere Informationen hierzu finden Sie in der Datenschutzerkl\u00e4rung von facebook unter <a href=\"http:\/\/de-de.facebook.com\/policy.php\" target=\"_blank\">http:\/\/de-de.facebook.com\/policy.php<br \/>\n<\/a>Wenn Sie nicht w\u00fcnschen, dass Facebook den Besuch unserer Seiten Ihrem Facebook-Nutzerkonto zuordnen kann, loggen Sie sich bitte aus Ihrem Facebook-Benutzerkonto aus.<\/p>\n<p><b>Auskunftsrecht<\/b><br \/>\nIch w\u00fcrde Ihnen gern Auskunft \u00fcber die bei uns gespeicherten pers\u00f6nlichen Daten geben. Ich weis allerdings nicht mehr, als Sie auch. Dieses wenige Wissen teile ich im Rahmen der gesetzlichen Auskunftsanspr\u00fcche allerdings gern nochmals mit Ihnen.<br \/>\nWenn Sie weitere Fragen zur Behandlung Ihrer Daten haben, dann senden Sie einfach eine Mail an mich.<\/p>\n<p><b>Weitere Informationen<\/b><br \/>\nIhr Vertrauen ist mir wichtig. Daher m\u00f6chten wir Ihnen jederzeit Rede und Antwort bez\u00fcglich der Verarbeitung Ihrer personenbezogenen Daten stehen. Wenn Sie Fragen haben, die Ihnen diese Datenschutzerkl\u00e4rung nicht beantworten konnte oder wenn Sie zu einem Punkt vertiefte Informationen w\u00fcnschen, wenden Sie sich bitte an mich.<\/p>\n<p><b>Sicherheitshinweis <\/b><br \/>\nIch bin bem\u00fcht, Ihre personenbezogenen Daten durch Ergreifung aller technischen und organisatorischen M\u00f6glichkeiten so zu speichern, dass sie f\u00fcr Dritte nicht zug\u00e4nglich sind. Bei der Kommunikation per E Mail kann die vollst\u00e4ndige Datensicherheit von uns naturgem\u00e4\u00df nicht gew\u00e4hrleistet werden.<\/p>\n<\/div>\n","protected":false},"excerpt":{"rendered":"<p>Datenschutz Gem\u00e4\u00df Telemediengesetz \u00a713: Datenschutz-Erkl\u00e4rung Wir nehmen den Schutz Ihrer pers\u00f6nlichen Daten sehr ernst. Der Schutz Ihrer personenbezogenen Daten bei der Erhebung, Verarbeitung und Nutzung anl\u00e4sslich Ihres Besuchs auf unserer Homepage ist uns ein wichtiges Anliegen. Ihre Daten werden im Rahmen der gesetzlichen Vorschriften gesch\u00fctzt. Nachfolgend finden Sie \u2013 gem\u00e4\u00df \u00a713 Telemediengesetz \u2013 Informationen, welche &hellip; <a href=\"https:\/\/kahmen.info\/?page_id=55\" class=\"more-link\"><span class=\"screen-reader-text\">Datenschutz<\/span> weiterlesen <span class=\"meta-nav\">&rarr;<\/span><\/a><\/p>\n","protected":false},"author":1,"featured_media":0,"parent":0,"menu_order":0,"comment_status":"closed","ping_status":"closed","template":"","meta":[],"_links":{"self":[{"href":"https:\/\/kahmen.info\/index.php?rest_route=\/wp\/v2\/pages\/55"}],"collection":[{"href":"https:\/\/kahmen.info\/index.php?rest_route=\/wp\/v2\/pages"}],"about":[{"href":"https:\/\/kahmen.info\/index.php?rest_route=\/wp\/v2\/types\/page"}],"author":[{"embeddable":true,"href":"https:\/\/kahmen.info\/index.php?rest_route=\/wp\/v2\/users\/1"}],"replies":[{"embeddable":true,"href":"https:\/\/kahmen.info\/index.php?rest_route=%2Fwp%2Fv2%2Fcomments&post=55"}],"version-history":[{"count":1,"href":"https:\/\/kahmen.info\/index.php?rest_route=\/wp\/v2\/pages\/55\/revisions"}],"predecessor-version":[{"id":57,"href":"https:\/\/kahmen.info\/index.php?rest_route=\/wp\/v2\/pages\/55\/revisions\/57"}],"wp:attachment":[{"href":"https:\/\/kahmen.info\/index.php?rest_route=%2Fwp%2Fv2%2Fmedia&parent=55"}],"curies":[{"name":"wp","href":"https:\/\/api.w.org\/{rel}","templated":true}]}}